*w. Let x be (-9)/(-3)*((-16)/(-6))/4. Calculate y(x).
8
Let z = -19 + 16. Let v(t) = -t + 3. Determine v(z).
6
Let v(z) = z**2 - 7*z + 2. Let f(q) = q**2 - 6*q + 1. Let c(l) = -4*f(l) + 3*v(l). Determine c(4).
-2
Let x(c) be the third derivative of c**6/90 + c**5/60 - c**4/4 + 7*c**2. Let y(f) be the second derivative of x(f). Determine y(-2).
-14
Let y(m) be the first derivative of m**6/180 - m**5/40 + m**4/8 + 5*m**3/3 + 4. Let z(p) be the third derivative of y(p). What is z(3)?
12
Let q(j) = -5*j. Let b be q(1). Let d(y) = 2*y + 5. Let h = -13 - -18. Let l(n) = 4*n + 10. Let r(f) = h*d(f) - 2*l(f). What is r(b)?
-5
Let s(r) = -4 - r**2 + 2 - r + 2*r**2. Let m(g) = -g + 10. Let w be m(8). Give s(w).
0
Suppose 5 = -3*m + 8*m. Let d(s) = -6*s. Calculate d(m).
-6
Let g(l) = l**2 + 5. Suppose -3*h = 4*y - 4*h - 15, 3*y - 16 = -4*h. Suppose -y*a = a. Calculate g(a).
5
Let d(y) be the second derivative of -y**4/12 + y**3/2 - 3*y**2/2 - 2*y. Determine d(2).
-1
Let x(b) = 5*b**3 + b**2 + 3*b - 3. Let k(y) = 4*y**3 + y**2 + 3*y - 3. Let s(n) = 6*k(n) - 5*x(n). Let u = 0 - -2. Calculate s(u).
-1
Let c(q) = q**3 + 7*q**2 - 5*q + 18. Let o be c(-8). Let x(h) = h**3 + 6*h**2 + 2. Give x(o).
2
Let i(s) = -2*s**2 + 4*s - 1. Let u = 42 + -39. Determine i(u).
-7
Let u(y) = -y**3 - 4*y**2 - 3*y - 2. Let a be u(-3). Let w be (-111)/39 - a/(-13). Let r(g) = g**2 + 1. What is r(w)?
10
Let s be 2/(-10) - 72/(-10). Let z(u) = u**3 - 6*u**2 - 9*u + 10. Give z(s).
-4
Let d(v) be the first derivative of 0*v**5 - 1/120*v**6 + 0*v + 2 - 1/6*v**3 + 1/8*v**4 - 1/2*v**2. Let t(w) be the second derivative of d(w). Calculate t(2).
-3
Let f(q) = -4*q**3 + 8*q**2 + 9*q + 16. Let h(g) = 3*g**3 - 5*g**2 - 6*g - 11. Let u(p) = 5*f(p) + 7*h(p). Determine u(-2).
9
Let s(b) be the third derivative of b**5/60 + 5*b**4/24 - 7*b**3/6 + b**2. Let v(g) = -g**3 + 4*g**2 - 4*g + 2. Let j be v(2). Suppose j*t + 15 = 5. Give s(t).
-7
Let d be 2 + ((-5)/1 - 2). Let f(k) be the third derivative of k**6/120 + k**5/15 - k**4/4 + k**3/3 - 7*k**2. What is f(d)?
7
Let j be ((-1)/2)/((-1)/(-6)). Let o(i) be the first derivative of -i**2 - 2 + 2*i + i**3 + 1/4*i**4. Determine o(j).
8
Suppose 0 = 2*b + 5*j + 26, -j = -4*j - 12. Let a(p) = -p**2 - p - 1. Let m(w) = 5*w**2 + 6*w. Let f(g) = 4*a(g) + m(g). Determine f(b).
-1
Let c(l) = 3*l**3. Suppose 2*i = 3*t + 14, 2 = 5*i - 2*t - 11. What is c(i)?
3
Let j = -6 + 6. Let d(k) = -2 + 0*k + j - 4*k. What is d(-2)?
6
Suppose 3*l = 2*v - 14, -3*v = -8*v - l + 69. Let s(u) = -11 + 5*u + v - u. Give s(-2).
-6
Let j = -21 - -31. Let q be 24/10 - 4/j. Let r(f) = q*f - 2 - 8*f + 3 + f**2. Determine r(5).
-4
Let g(k) = k + 1. Let z(t) = -t**3 - 5*t**2 - 4*t - 6. Let b(l) = -g(l) - z(l). Calculate b(-5).
-10
Let v = 3 - -2. Let n(x) = -x + 10. Give n(v).
5
Suppose -4*o + o = -6. Suppose m = 0, o*p - m - 1 + 7 = 0. Let w(u) be the second derivative of u**5/20 + u**4/4 - 2*u**2 + u. Calculate w(p).
-4
Let n(o) = o**3 - o**2. Suppose 5*g = 5*b - 10, 0 = -b - 4*g - 9 + 1. Give n(b).
0
Let c(j) = -5*j + 4*j - 4 - 3*j**2 + j**2 + j**3. Calculate c(3).
2
Let v(c) = -c**2 + 6*c - 7. Let q(w) = w**2 - 5*w + 3. Let y be q(6). Suppose -3*i + 9 = -y. What is v(i)?
-7
Let l(b) = b**3 - 4*b**2 + 1. Let z(y) = 4*y**2 + 2*y - 2. Let n be z(-3). Let p = n + -8. Suppose 4*s + 8 - p = 0. Give l(s).
-8
Let l(c) = 2*c**3 + c - 2. Let y be l(1). Let t(j) = j**2 - j. Give t(y).
0
Let x(o) = -o - o**2 - 5*o**3 + o**3 + 3*o**3 - 8. Suppose z + 1 = g, -3*z + 3*g + 1 = 4*g. What is x(z)?
-8
Let n(k) = 2*k + 5. Let m be (-3 + 3 - -1)*4. Suppose -5*x = -5*b - 2 - 28, 0 = -b - x - m. Calculate n(b).
-5
Let w be (1/3)/((-3)/9). Let n(r) = r**2. Calculate n(w).
1
Let h(l) = l - 16. Let q = 129 + -116. Calculate h(q).
-3
Suppose -3*t + 3*f = 9, 3*f + 5 = -2*t + 3*t. Let o(a) = a**2 + 7*a + 1. Let w be o(t). Let s(h) = -4*h**3 - h**2. What is s(w)?
-5
Let q(d) = -5*d + d + 3 - 4 + 2*d. Calculate q(-2).
3
Let l(o) = -o**2 - 7*o - 6. Let j = -3 + 0. Let x be (-3 + 0)/(j/2). Suppose 2*u - x = -12. Calculate l(u).
4
Let l be (12/9)/((-1)/(-3)). Suppose -l*p + 0*p = 12. Let z(c) be the second derivative of -c**3/6 + c**2/2 - 3*c. Give z(p).
4
Let l(a) = -57*a**3 - 9 + 0*a**2 + 56*a**3 - 6*a**2 + 6*a. Give l(-7).
-2
Let v(m) = 0 - m**2 + 74*m - m**3 + 4 - 73*m. Suppose 2 = d + d. Let h be 0 - (d/(-1) - -1). Calculate v(h).
4
Let b(p) be the first derivative of p**4/4 - p**3 - 3*p**2/2 - 5*p - 3. Give b(4).
-1
Suppose -5*w = 4*m - 2*m - 19, -24 = -3*m - 3*w. Let n(a) = a**2 - 9*a + 10. Give n(m).
-4
Let w(c) = -c**2 + 4*c + 2. Let k be w(5). Suppose 4*m - 9 = m. Let g(y) = -m + y - 3*y + 0*y. Give g(k).
3
Suppose 3*i - 25 = -2*i + 4*c, -5*c + 25 = 5*i. Suppose i*s - 2 = 4*s. Let t(b) = s - 3 + 2*b - 4*b**2 + 0. Calculate t(1).
-3
Let f(p) = p**3 + 3*p**2 + 3*p - 4. Let k be 5 + 24/(-3) - 0/1. Determine f(k).
-13
Let f(m) = -3*m - 26. Let i be f(-9). Let k(n) = 11*n + 1. Calculate k(i).
12
Let p(d) = 6*d**2 + 4*d + 1 - 7*d**2 + 3*d**2. Suppose 5*r = l + 15, -l - 2*l = -2*r - 7. Suppose 0 = -4*z + h - 8, -z - r*z + 5 = -5*h. Determine p(z).
7
Let a(v) = 7*v. Let o(x) = 6*x. Let g(f) = 2*a(f) - 3*o(f). Calculate g(1).
-4
Let v(u) be the second derivative of -u**8/1680 - u**6/720 + u**4/4 + u. Let b(g) be the third derivative of v(g). Calculate b(-1).
5
Let q(y) = -5 + y + 6 + 0. Calculate q(-2).
-1
Let a(z) = -5*z + 1. Let i(n) = n + 11*n + 5*n**2 - 3*n - 1 + 3*n**2 - n**3. Let s be i(9). What is a(s)?
6
Let k(i) = -i**3 - 3*i**2 - 3*i - 3. Let z(c) = -c**2 + 6*c + 4. Let w be z(6). Suppose 4*d - w*f = -24 + 8, -4*f = -d - 7. Calculate k(d).
6
Let a(n) = n**2 + 7*n + 1. Let t = 49 - 52. Determine a(t).
-11
Let j be 32/6 - (-2)/(-6). Suppose 0 = j*w - 3*w. Let u(r) = w*r - r**2 + 2*r - 7*r - 1. Calculate u(-4).
3
Let h(d) be the second derivative of d**5/20 - d**4/2 - 7*d**3/6 - 4*d**2 + 50*d. Give h(7).
-8
Let x(a) = -40*a**2 - 45*a**2 + a**3 + 93*a**2. What is x(-8)?
0
Let y(d) = -36*d**3 + 5*d**2 - 11*d - 16. Let a(c) = -7*c**3 + c**2 - 2*c - 3. Let u(b) = -11*a(b) + 2*y(b). Let n be (-24)/28 + -2*4/56. Determine u(n).
-5
Let g(w) be the third derivative of 5*w**4/24 + w**3/6 - 35*w**2. Determine g(-1).
-4
Let b(u) = -3*u + 1. Let p(v) = v**2 + 7*v + 9. Let a be p(-6). Suppose -q - 4 = -a*q. Calculate b(q).
-5
Let k(c) = -c**3 + 7*c**2 + 11*c - 28. Let d be k(8). Let g(q) = -q**3 - 5*q**2 - 5*q - 1. Determine g(d).
3
Let o(z) be the third derivative of z**5/60 - z**4/24 + 2*z**3 - z**2. Let d(w) = -5*w + 75. Let j be d(15). Determine o(j).
12
Let p(j) = 9 + 9 - 2 - 1 - j. Calculate p(0).
15
Suppose 3*i + 5*u = -38, 4*u + 6 = -10. Let z(m) = 1. Let w(q) = q + 5. Let o be w(-4). Let s(c) = -c**3 + c**2 + 7. Let k(d) = i*z(d) + o*s(d). Give k(2).
-3
Suppose 5*a + 0*a = 20. Let c(j) be the second derivative of -1/12*j**a + 0 + 2*j + 1/2*j**2 + 1/6*j**3. Give c(-2).
-5
Suppose -2*o + 12 = 8. Let b(g) = -g**2 - 1. Determine b(o).
-5
Let v(i) = 2*i + 2. Suppose -4*r + 46 = -54. Let q = 22 - r. Give v(q).
-4
Let n(r) be the third derivative of -1/60*r**5 + 0*r - 1/3*r**3 - 3*r**2 + 0 + 1/3*r**4. Let p be n(8). Let z(d) = 4*d + 1. Determine z(p).
-7
Suppose y + 0 = -7. Let s(g) = -g**3 - 6*g**2 + 7*g + 6. Calculate s(y).
6
Let q = 30 - 29. Let t(b) = -b + 2. Calculate t(q).
1
Let n(q) be the first derivative of 1/120*q**5 - 1/3*q**3 + 0*q**2 + 0*q + 1/24*q**4 + 1. Let x(r) be the third derivative of n(r). Determine x(-2).
-1
Let m(c) = -c + c - 3*c - 2. Suppose 0 = 4*j - 2*q - 28, -6*q = -4*j - 2*q + 32. Suppose i = 3*i + j. Give m(i).
7
Let g(i) be the second derivative of i**4/12 + 4*i**2 + 2*i. Let v = 5 + -2. Suppose u = -v*u. What is g(u)?
8
Let b(d) = -4*d**2. Let t be b(-1). Let g(h) be the first derivative of -h**2/2 + h - 6. Determine g(t).
5
Let h = 2 - -2. Let i(j) = -2 + 8*j - 5*j + h. Let v(q) = -1. Let t(f) = i(f) + v(f). Calculate t(-3).
-8
Let n(t) = -t**3 - t**2 + t + 1. Let v(y) = -12*y**3 - 4*y**2 + 4*y + 5. Let k(c) = 5*n(c) - v(c). Give k(1).
7
Suppose r = 3*p - 17, 0*r = -5*r - 2*p - 17. Let f(q) = q + 5. Determine f(r).
0
Let y(n) = -n**3 - 25*n**2 + 27*n + 29. Let m be y(-26). Let f(a) be the second derivative of 2*a**2 + 0 + 3*a + a**m + 1/3*a**4 - 1/20*a**5. Calculate f(5).
9
Let h